lculate 8 + (-22 - (-10 + -4)).
0
Evaluate (7 - (7 - (-1 - (4 - 5)))) + 2.
2
What is the value of 7 + 365 + -364 + -16 + -2 + 2?
-8
Calculate (15 - 14 - -2) + -1 + (-1 - 1).
0
Evaluate (5 - 8 - 8) + (1 - (3 - 1)).
-12
Calculate (5 - -12 - 16) + -11.
-10
What is -24 + 1 + 39 + -25 + -9?
-18
What is the value of 1 + 15 + (-9 - (-22 + 27) - -23)?
25
(-11 - -12) + -19 + 9 + 3 + 1
-5
What is (59 - 67) + 2 + -2 + (-1 - 9)?
-18
What is the value of -24 + 42 - (9 - 1)?
10
What is -6 + (0 - 11) - -12?
-5
Calculate 151 + -141 + (-2 - 0).
8
Evaluate (2 - -11) + 2 - 14.
1
What is 24 + -6 - (-4 - -11)?
11
What is the value of -13 - (-17 + (18 - 5)) - -11?
2
-23 - 8 - (-4 + -3) - 0
-24
Evaluate -14 + (5 - -13 - 0).
4
Evaluate (-14 - -17) + 7 + -6 + 2.
6
-1 + (-7 - ((3 + 1 - 12) + 5))
-5
What is 3 - (2 - (2 + (4 - 9))) - 12?
-14
What is the value of -1 - (5 - (9 + -10 + 6))?
-1
-8 - (-11 + 0 + 25)
-22
Evaluate -55 + 19 + 29 + -10.
-17
What is the value of 16 - (-3 - (26 - 47))?
-2
What is -4 + 1 - -5 - 1 - (-1 - -8)?
-6
What is -2 - 1 - (-2 + -3 - -6 - -1)?
-5
Calculate (12 + -8 - 12 - -11) + -1.
2
1 - 2 - (-17 - (-11 - (-5 + 7)))
3
Calculate -2 + (7 + -7 - (2 + -3) - -2).
1
What is 42 + 27 + -72 + 8 + 0?
5
What is the value of (8 - 12) + (1 - -3) + -4?
-4
Evaluate 16 + (1 + -7 - (13 + -13 - 10)).
20
Evaluate 40 - (-20 + 56) - (24 + -1 + 2).
-21
What is the value of -8 + 14 + 0 + (18 - 0)?
24
8 + (-15 + 2 - (-9 - -6))
-2
Evaluate 14 + (-2 - (14 + -14)).
12
Evaluate 2 + -1 + (-564 - -544).
-19
What is (-1 - (19 + -12)) + 17?
9
(45 + -27 - (6 + 1)) + 6
17
Calculate (2 - (12 - 10 - (-1 - 0))) + -9.
-10
What is the value of 0 + (16 - 37 - 6) - -16?
-11
-18 + (23 - 2 - 11) + 1 + -3
-10
What is the value of (27 - 10) + -19 - -18?
16
What is 1 - 4 - (-17 + -19 + 27)?
6
Calculate (-36 - -16) + -25 + 40.
-5
8 + 12 + -8 + (-1 - -12)
23
-1 - 9 - (-21 + 7 + (22 - 25))
7
Evaluate 3 + 6 - (-5 + (5 - -2)).
7
Evaluate (0 - (-51 - -23)) + -10.
18
Evaluate -18 + (-7 - (-7 - 4)).
-14
What is the value of 5 + (-23 - -17) + -2 + 17?
14
Evaluate (67 - 31) + -58 - (1 - -1 - 1).
-23
What is the value of (-24 + 20 - (0 + 4 - 2)) + -4?
-10
Evaluate (12 - (13 - (6 + 0))) + -8 - 9.
-12
3 - (3 + (-14 - (10 + -35)))
-11
Calculate (54 - (56 + 2)) + (-1 - -21).
16
-76 + 76 + 11 + -1 + 2
12
(1 - -5) + (3 + -2 - (-102 + 99))
10
Evaluate 2 - -7 - (7 - (18 - 41)).
-21
What is the value of (16 - 23) + 0 + 10 + 0 + -20?
-17
What is the value of 4 + -1 + -5 + -10?
-12
Calculate -1 - (17 - (8 - 5 - (-1 + -1))).
-13
4 + (-1 - (30 + (3 - (-4 - -9))))
-25
(22 - 14) + (-14 - (0 - 1 - 3))
-2
What is the value of (-8 - 0) + (-6 + 14 + 4 - -16)?
20
Calculate (24 - 26) + (-3 - 0) + (1 - 2).
-6
Evaluate 18 + -6 + -9 + -2 + -3.
-2
What is the value of -19 + 2 - (-676 + 644)?
15
353 + -370 - (2 + -5 - -1)
-15
Evaluate -140 + 131 - (2 - 9).
-2
What is the value of (-9 - -1) + -72 + 54 + 30?
4
What is the value of 11 - (-3 + 19 - 7)?
2
Calculate 5 + 2 - ((-1 - -7 - 0) + 8).
-7
What is the value of 28 + 6 + (-16 - -2)?
20
46 + -17 - 16 - (21 - 5)
-3
Evaluate -23 + 9 - (-4 - 2).
-8
Calculate -1 - (1 - -4) - (-864 + 879).
-21
(10 - (9 + 1)) + -8
-8
Calculate (-3 - 1) + -48 + 38 + 2 - 0.
-12
Evaluate 7 + (6 + -2 - (-3 - 3 - 0)).
17
2 - (-3 + 2 + 13)
-10
-17 - (-6 + -7 + -6)
2
What is -5 + -6 + (16 - -6) - -6?
17
Calculate 15 + -19 - (0 - (0 - 2)).
-6
Calculate -24 + 12 - (-18 - 15).
21
What is the value of -4 + 5 + -2 + -19 + 4?
-16
2 - (7 - (3 + 8 + -7))
-1
What is the value of (-7 - (12 - 10)) + -8 + 18?
1
Evaluate -1 + (18 - (-15 + 17)).
15
Evaluate -7 + (7 - (7 - 8)) + -12.
-11
Calculate 12 + (7 - 9) - (4 - -2).
4
Evaluate 8 + -1 - (17 - 4) - -17.
11
Evaluate 0 + -3 + (2 - 16 - (-97 + 84)).
-4
Calculate -18 + 7 + (10 + -10 - -18).
7
What is the value of 6 + -1 + (-11 - -6) + 14 + -20?
-6
16 + (7 - 29) + (-2 - 6)
-14
(-18 + 46 - 28) + 14
14
What is the value of -2 + (-50 - -21) - (2 + -2 - -5)?
-36
(-90 - -72) + (-2 - 10) + (5 - 1)
-26
What is the value of -26 - (-36 - (-25 - -15))?
0
(58 - 39) + -1 + (-6 - -1 - -3)
16
38 - -2 - (-22 + (2 - -36) + -10)
34
Evaluate 1 + -3 + 5 + -2 - (501 - 504).
4
What is the value of -76 - -62 - (1 + -2)?
-13
Evaluate 0 + 1 - (188 - 161).
-26
What is the value of 7 - (6 - 39 - (-62 - -59))?
37
-2 - -8 - (-40 - -36)
10
(-9 - -2) + 15 + 0 - 8
0
Evaluate 6 + -8 + 15 + -17 - 11.
-15
Calculate (5 - 0) + (-6 - 0) + 5 + -3.
1
(122 - 131) + 3 + (1 - 4)
-9
What is (1 - 2 - 3) + (4 - -2) + 8?
10
(-185 - -186) + -1 + 18 + -2 - 7
9
What is the value of 4 + 0 + -18 + 10 + -1?
-5
What is -2 + -49 + 5 - (-22 - 0 - -10)?
-34
What is the value of (2 + -4 + -2 - (-21 - -2)) + -6?
9
What is the value of (-1 - (9 + -6 - 6)) + 3 + -1?
4
-3 + -11 + (0 - -4 - -2)
-8
What is 3 + -2 + (-5 - -3)?
-1
Calculate -1 - (-4 + (-4 + (0 - -3) - -8)).
-4
Evaluate 2 + 2 + (26 - 3) + -19.
8
What is -2 + 3 + (-40 - -47) - 0?
8
-13 - (-5 - (0 - -4)) - -28
24
What is -784 - -782 - (1 + 12)?
-15
Calculate (11 - (7 + -1 + -1) - 25) + -8.
-27
What is 5 + -2 + 7 + -9 - (-20 + 13)?
8
Evaluate (-20 - (-8 + -3)) + 22.
13
-9 - (3 - 6) - ((-6 - -2) + -7)
5
What is the value of 6 - (-3 - (5 + 4 - 5))?
13
Calculate (-3 - -15) + (3 + 1 - 6).
10
What is -20 + (-9 - (10 - 24))?
-15
What is the value of (-2 - -44) + -58 + 23?
7
Calculate 4 + (-6 - 9) + (-1 - -1).
-11
Calculate -11 + 3 + (-97 - -84).
-21
Calculate -92 + 69 + 48 + (1 + 0 - 1).
25
Calculate -7 + 6 + 13 + 18 + (-7 - 1).
22
Calculate 147 + -129 + (-3 - 5).
10
Calculate (9 - 6 - -8) + (5 - (-3 + 14)).
5
What is (-17 - (-23 - -11)) + -5 + 2?
-8
What is 6 + (-11 - -13 - (-4 - -16)) + -9?
-13
What is the value of (0 - -12) + 3 + -10 + 4 - -7?
16
Evaluate 3 + (6 - 15) - (7 + -4 + -7).
-2
What is (-4 - (3 - 4)) + -14 + 21?
4
What is the value of (-105 - -109) + 0 + 7?
11
(-17 - 1) + 1774 + -1762
-6
What is the value of (21 - 0) + (24 + 1 - (-483 - -502))?
27
Evaluate 25 + -26 + 9 + (-36 - 0).
-28
What is 4 - (17 + -30 + 17) - (-1 - -34)?
-33
What is 17 - (34 - (1 + 15))?
-1
Evaluate 16 + (4 - (3 - (-10 + 7 - -1))).
15
What is 11 + 7 + -28 - -18?
8
What is 11 + -2 + 106 + -118?
-3
7 + -7 + 16 + -4 + 1 - -7
20
Calculate 9 + -3 + (-24 - -27).
9
What is the value of 3 - 11 - ((12 - 22) + (2 - -3))?
-3
Evaluate (-3 + 13 - 7) + (-5 - (0 + 3)).
-5
Evaluate -43 - (-9 - 51 - -30).
-13
What is 53 + -82 - (4 + -21)?
-12
-10 + 4 + -6 + 11 + -10 + 7
-4
What is the value of 18 - 0 - (12 + (-40 - -27))?
19
Evaluate 0 + (-12 - (2 + -16)).
2
What is the value of 5 + (5 + -1 - (-43 + 46))?
6
Evaluate (43 + 11 - 52) + (8 - -1 - 1).
10
What is the value of (-7 - (-10 - -2)) + (2 - 12)?
-9
What is the value of 7 + -26 + 10 + (0 - -9)?
0
Evaluate (14 - 16 - 8) + 12.
2
0 + (-25 - (-16 + 0)) - (0 + 3)
-12
What is the value of 33 + (-22 - 2) - (19 - 0)?
-10
7 - (1 - 1 - (63 + -72))
-2
What is the value of -9 + (2 - -5) + (-1 + 18 - -2)?
17
Calculate -11 + 5 - (20 - ((-8 - -28) + -11)).
-17
What is the value of (4 - 6 - -25) + (3 - 4) + 3?
25
Calculate 25 + (11 - 9) + -54.
-27
20 + (11 + -6 - ((-8 - -23) + -4))
14
What is (-4 + 5 + 2 + -1 - 7) + 13?
8
What is (3 - 11) + -2 + 9 + (-10 - -6)?
-5
Calculate -207 + 225 + (2 - -9).
29
What is -12 + (14 - (8 - -4))?
-10
Evaluate -12 + (2 - 0 - 4) + 24 + -23.
-13
Calculate -3 + 19 + -8 + 3.
11
-2 + 2 + (109 - 118)
-9
What is the value of -4 - (-9 - (7 + -8))?
4
Calculate 8 + -20 + 24 + -21.
-9
(-10 - (15 - 16)) + 10
1
Calculate (120 - 145) + (2 - (0 + 2)).
-25
Evaluate (-29 - -2) + 33 + -1 + -1 + -23.
-19
Evaluate -52 - (33 + -76 + 14).
-23
Evaluate 49 - (10 - 3 - -1 - -10).
31
(-9 - -3) + 43 + -36
1
Evaluate 1 - (0 - -9) - (-419 + 424).
-13
(13 - 17) + (2 - (15 + -9))
-8
Calculate (3 - -4) + -17 + -3 + 15.
2
Calculate (-175 - -181) + 0 + -1.
5
What is ((-11 - -3) + 3 - 1) + 12?
6
What is the value of -42 + 21 + 4 - (-18 - -4)?
-3
Evaluate 38 - (-1 + 5) - (8 + -6).
32
Evaluate 4 - (2 + -3) - -14.
19
What is -3 - 0 - (-4 - ((-4 - 1) + 9))?
5
Evaluate -12 - (-25 - (-24 - -12)).
1
What is the value of 73 + -82 + -2 + 0?
-11
-15 + (-7 - (18 + -25)) - -16
1
-3 + (-1 - -1 - -4) + -1
0
What is the value of -4 - (33 + (16 - 44))?
-9
What is (-17 - -1) + 0 + 16 + -12 - -5?
-7
Evaluate 4 - (-6 + 3 + 11) - (-16 - -19).
-7
-12 - (-8 - 31 - -12)
15
Calculate 15 + 13 